uppose -2*u = -6 - 0. Calculate the highest common divisor of 6 and u.
3
Let f(y) = -2*y + 6. Let a be f(-8). Suppose h - 2*h - 12 = 0. Let b = h + 67. What is the highest common factor of a and b?
11
Suppose -d - d + 63 = -b, -163 = -5*d - 3*b. What is the highest common divisor of 4 and d?
4
Let j = 379 + -271. Suppose x + 14 = 4. Let z be ((-12)/x)/((-1)/(-10)). Calculate the highest common factor of j and z.
12
Suppose 0 = 7*t - 55 - 57. What is the highest common divisor of 32 and t?
16
Let c = 36 - 20. Let p = -7 + 31. What is the highest common factor of c and p?
8
Let y be 81/15 - 2/5. Suppose -38 = -y*v - 4*i, 3*v = -v + 4*i + 16. Calculate the greatest common factor of v and 3.
3
Let d(g) = 5*g**2 + g + 2. Let n be d(-2). Calculate the highest common divisor of n and 80.
20
Let a be ((-6)/(-2) + -4)*18. Let x = 34 + a. What is the greatest common divisor of x and 64?
16
Let i(z) = z**3 + z**2 + z + 30. Let w = -6 - -6. Let a be i(w). What is the greatest common factor of 20 and a?
10
Suppose 32 = -4*o + 12. Let j(d) = -d**2 - 10*d - 7. Let m be j(o). Calculate the highest common divisor of 12 and m.
6
Let u(x) = x**3 + 7*x**2 - 8*x + 5. Let t be u(-8). Let c be (t/15)/(2/138). What is the highest common divisor of 161 and c?
23
Let v(t) = 7*t**3 - t + 2. Let a be v(1). Calculate the greatest common divisor of 8 and a.
8
Let w be ((0/1)/3)/(-1). Suppose w = 2*t - 3*t. Let q be 312/3 + 0 + t. What is the highest common factor of 13 and q?
13
Let i be (-3)/(-12) + (-499)/(-4). Suppose -1 - 99 = -4*k. Calculate the greatest common divisor of i and k.
25
Let w be ((-3)/(6/136))/(-1). Let a(i) = 3*i + 8. Let m be a(3). Calculate the highest common factor of m and w.
17
Let d = 67 + -40. Calculate the greatest common divisor of 135 and d.
27
Let m be 2 - 30/(((-20)/(-8))/(-5)). Calculate the greatest common divisor of m and 93.
31
Suppose -28*r = -34*r + 972. Calculate the greatest common factor of 108 and r.
54
Let j be (-3 - 2/(-10))/(2/(-5)). What is the greatest common divisor of j and 56?
7
Let p be (-822)/(-21) - 3 - (-2)/(-14). Suppose -i - 94 = -2*i. Suppose 4*m + 58 = 2*n - m, 4*n - i = -m. What is the highest common divisor of p and n?
12
Suppose -n + 7 = 2. Suppose -4*v - 2*y + 8 = 0, -y - 7 = n*v - 20. Suppose k = -a + 7, v*a + 4*k - 12 = 11. What is the greatest common factor of 2 and a?
1
Let g be -94*(-3)/(-12)*-2. Suppose -g = -4*z + 13. What is the greatest common factor of z and 6?
3
Let f be (-10)/((1 - 3)/1). What is the greatest common factor of f and 10?
5
Let f(k) = -k**2 - 9*k + 6. Let x be f(-6). Let t = 20 + x. Calculate the highest common factor of t and 4.
4
Suppose 3*k + 8 = 5*k. Suppose -k*l - 34 = -170. Let i = -15 + l. What is the greatest common divisor of i and 19?
19
Let z = 53 - 40. What is the highest common factor of 117 and z?
13
Let v(u) = -u + 1. Suppose 4*o + 3*n + 3 = 2*o, 4*n = 5*o - 4. Suppose o = 5*z - 0*z + 5. Let p be v(z). What is the greatest common factor of p and 4?
2
Let x be -1*(-5 - (-2 - 0)). Suppose -316 = -6*j + 2*j + 4*w, 235 = x*j - 5*w. Calculate the greatest common divisor of j and 32.
16
Let d be 2 - ((-1)/1 + -2). Suppose -t + d*w - 2 = 2*w, -3*t = 3*w - 6. What is the greatest common factor of 1 and t?
1
Let k = -27 + 28. What is the highest common factor of 5 and k?
1
Let s(m) be the first derivative of -35*m**4/4 + 2*m**3/3 - m - 1. Let g be (-50)/40 - (-2)/8. Let t be s(g). Calculate the highest common factor of 18 and t.
18
Let f be (-7 - -2)/(2 - 3). What is the highest common divisor of 15 and f?
5
Let r = 2 + -2. Suppose r*t = 2*h - 2*t + 2, t = 3*h - 5. Let b be 397/4 - h/12. Calculate the highest common factor of 9 and b.
9
Let r = -8 - 12. Let x = r + 59. Suppose 0 = 4*m - m - x. What is the highest common factor of m and 13?
13
Let n = -6 - -4. Let b = n + 6. Suppose -3*k - 26 = b*m - 346, 535 = 5*k + 5*m. What is the greatest common factor of k and 12?
12
Suppose o + m = 39, -4*m = 4*o - 3*m - 144. Calculate the highest common divisor of o and 280.
35
Let w = 32 - 22. What is the greatest common factor of w and 10?
10
Let u be -2 - 46*-1*1. Calculate the highest common factor of u and 11.
11
Let c be (-1)/5 - (-9)/(-5). Let p be (-12)/10*5/c. What is the greatest common factor of p and 33?
3
Suppose n + 5*k + 76 = 4*n, 0 = 4*n + 3*k - 82. Calculate the highest common factor of 242 and n.
22
Suppose 0 = -3*m - 3*k + 1044, 0 = 3*m - 0*k + 2*k - 1048. Suppose 5*f - 3*i - m = 463, -i = 4*f - 635. What is the highest common divisor of 20 and f?
20
Suppose 4*i + 12 - 88 = 5*w, -w - 4 = 0. Let h be (-3)/9 - (-49)/3. Let f be (2 + 5)*(h + 0). Calculate the highest common factor of f and i.
14
Let d be (-2 - (-1 - 2))/((-2)/(-14)). Calculate the highest common factor of d and 63.
7
Suppose 38 = -5*t - 22. Let s(n) = n**3 + 11*n**2 - 14*n - 9. Let x be s(t). Calculate the greatest common factor of x and 3.
3
Suppose -9*p + 58 = -14. Calculate the highest common divisor of p and 12.
4
Suppose 0 = -3*u - 87 - 3. Let q = -18 - u. Let y(a) = -a + 2. Let v be y(-4). Calculate the greatest common divisor of v and q.
6
Let t(w) = -w**2 + 3*w + 1. Let s be t(2). Let i(p) = p - 4. Let o be i(2). Let j(b) = b + 3. Let r be j(o). Calculate the highest common factor of s and r.
1
Suppose -3*m + 7*m = 0. Let t be (m - 3) + (-9)/(-1). Suppose 0 = -6*b + 3*b + t. What is the highest common factor of b and 18?
2
Let l(h) = 4*h. Suppose 2*y - 1 = 1. Let f be l(y). Let m(w) = w**3 + 5*w**2 - 6*w + 6. Let b be m(-6). What is the greatest common factor of b and f?
2
Let a be (17 - 5)/(-1 - -2). Let w = a + -2. What is the highest common divisor of 4 and w?
2
Suppose 0*n = 2*n - 12. Let p(v) = -v + 2. Let h be p(-10). Calculate the highest common factor of h and n.
6
Suppose 4*n + 4*p = 3*n + 95, -3*n - 3*p + 276 = 0. What is the greatest common divisor of 26 and n?
13
Suppose c + 3*n = 26, 2*c = n + 4*n + 96. Calculate the greatest common factor of c and 76.
38
Let l be (15/(-9))/((-2)/12). Suppose 2*g - 3*b + 329 = 6*g, 5*b = 5*g - 385. Calculate the highest common factor of g and l.
10
Let j be 1/((-3)/(-900)) - 3. Suppose -2*f + j = f. What is the highest common factor of f and 11?
11
Suppose -2*q = 2*k + 2, -3*k = k - 5*q - 23. Suppose -k*l = -0*l - 6. Suppose l*t - 62 = 13. What is the greatest common factor of t and 5?
5
Suppose -2 = -d + 2*d. Let s(q) = -4*q + 4. Let n be s(-5). Let u = n + d. Calculate the greatest common divisor of 55 and u.
11
Let r = -9 - -23. What is the greatest common factor of r and 35?
7
Let l be 3/3 - (-11 - 0). Let i be 3/(-4)*9*4. Let n = 21 - i. Calculate the greatest common factor of n and l.
12
Let d(z) = 13*z**2 + 2*z - 4. Let q be d(2). Calculate the highest common divisor of 13 and q.
13
Let l be -5 - -37 - (2 - 5). Calculate the greatest common factor of l and 5.
5
Let g(w) = w**3 + 8*w**2 - 4*w + 1. Let p be g(-8). What is the greatest common divisor of p and 3?
3
Let x = -1 - -3. Suppose y - x = 8. Let j be 24/y*(-250)/(-15). Calculate the greatest common factor of 8 and j.
8
Suppose 3*b + 40 = -2*b. Let i = 4 - b. Let m be -2 + 2 + 5 + 1. What is the highest common factor of i and m?
6
Suppose 5*r - 48 = 4*r. Let p = -69 + 75. What is the highest common divisor of r and p?
6
Let l = -5 + 2. Let o be l/(-4) - 285/(-20). What is the greatest common factor of o and 45?
15
Let s = -81 + 301. Calculate the highest common divisor of s and 20.
20
Suppose d + 6 = -t + 3*d, 3*t + d - 10 = 0. Let m be (-17)/(0 + t/(-4)). Suppose -2*q + 6*q - 68 = 0. What is the greatest common divisor of m and q?
17
Let b be ((-15)/6 + 2)*-54. What is the greatest common divisor of b and 297?
27
Let z(v) = -v + 224. Let x be z(0). Let f be ((-18)/4)/((-21)/x). What is the highest common divisor of f and 32?
16
Suppose -42 = -3*u - 9. Let f be 1/((-3 - -2)*1). Let m be f - 23*(0 + -1). Calculate the highest common factor of m and u.
11
Let r(j) = j - 1. Let g be r(5). Let h be (1 - -7) + 4/g. Let l be 4*(54/8)/1. What is the highest common factor of h and l?
9
Suppose 4*t + i - 55 = 0, -t - 4*i - 2 - 3 = 0. Suppose t + 39 = 3*l. Calculate the greatest common factor of 27 and l.
9
Suppose 3*s + 3*y - 151 = 41, -5*s = y - 304. Calculate the greatest common factor of 40 and 